{"id":215,"date":"2019-11-22T11:20:22","date_gmt":"2019-11-22T10:20:22","guid":{"rendered":"https:\/\/www.socabel.fr\/?page_id=215"},"modified":"2022-01-17T12:06:35","modified_gmt":"2022-01-17T11:06:35","slug":"lentreprise-socabel","status":"publish","type":"page","link":"https:\/\/www.socabel.fr\/index.php\/lentreprise-socabel\/","title":{"rendered":"L&rsquo;entreprise Socabel"},"content":{"rendered":"\n<h2 class=\"wp-block-heading\">Sp\u00e9cialiste de la r\u00e9alisation sur mesure des bornes, coffrets et tableaux \u00e9lectriques <\/h2>\n\n\n\n<p> <strong>Domaines d\u2019activit\u00e9s<\/strong><br>\u2013 <strong>Professionnels<\/strong><br>R\u00e9alisation de pieuvre pr\u00eate \u00e0 poser<br>Cablage d\u2019armoire industrielle<br>R\u00e9alisation de cordon \/ tiroir suivant sp\u00e9cification<br>Hostellerie de plein air<br>\u2013 <strong>Particuliers<\/strong><br>Maison individuelle neuve<br>Maison individuelle r\u00e9novation<br>\u00c9quipement nautique<\/p>\n\n\n\n<figure class=\"wp-block-image size-large\"><img fetchpriority=\"high\" decoding=\"async\" width=\"1024\" height=\"768\" src=\"https:\/\/www.socabel.fr\/wp-content\/uploads\/2020\/02\/Atelier-5-1024x768.jpg\" alt=\"\" class=\"wp-image-382\" srcset=\"https:\/\/www.socabel.fr\/wp-content\/uploads\/2020\/02\/Atelier-5-1024x768.jpg 1024w, https:\/\/www.socabel.fr\/wp-content\/uploads\/2020\/02\/Atelier-5-300x225.jpg 300w, https:\/\/www.socabel.fr\/wp-content\/uploads\/2020\/02\/Atelier-5-768x576.jpg 768w, https:\/\/www.socabel.fr\/wp-content\/uploads\/2020\/02\/Atelier-5-1536x1152.jpg 1536w, https:\/\/www.socabel.fr\/wp-content\/uploads\/2020\/02\/Atelier-5-2048x1536.jpg 2048w, https:\/\/www.socabel.fr\/wp-content\/uploads\/2020\/02\/Atelier-5-600x450.jpg 600w\" sizes=\"(max-width: 1024px) 100vw, 1024px\" \/><\/figure>\n\n\n\n<p><strong>Nous contacter :<\/strong><\/p>\n\n\n\n<p><em>philippepaumier.socabel@gmail.com<\/em><\/p>\n\n\n\n<p>Tel : 09-64-42-80-26\u00a0 \u00a0 Port : 06-67-32-07-40<\/p>\n","protected":false},"excerpt":{"rendered":"<p>Sp\u00e9cialiste de la r\u00e9alisation sur mesure des bornes, coffrets et tableaux \u00e9lectriques Domaines d\u2019activit\u00e9s\u2013 ProfessionnelsR\u00e9alisation de pieuvre pr\u00eate \u00e0 poserCablage d\u2019armoire industrielleR\u00e9alisation de cordon \/ tiroir suivant sp\u00e9cificationHostellerie de plein air\u2013 ParticuliersMaison individuelle neuveMaison individuelle r\u00e9novation\u00c9quipement nautique Nous contacter : philippepaumier.socabel@gmail.com Tel : 09-64-42-80-26\u00a0 \u00a0 Port : 06-67-32-07-40<\/p>\n","protected":false},"author":1,"featured_media":0,"parent":0,"menu_order":0,"comment_status":"closed","ping_status":"closed","template":"","meta":{"ocean_post_layout":"","ocean_both_sidebars_style":"","ocean_both_sidebars_content_width":0,"ocean_both_sidebars_sidebars_width":0,"ocean_sidebar":"0","ocean_second_sidebar":"0","ocean_disable_margins":"enable","ocean_add_body_class":"","ocean_shortcode_before_top_bar":"","ocean_shortcode_after_top_bar":"","ocean_shortcode_before_header":"","ocean_shortcode_after_header":"","ocean_has_shortcode":"","ocean_shortcode_after_title":"","ocean_shortcode_before_footer_widgets":"","ocean_shortcode_after_footer_widgets":"","ocean_shortcode_before_footer_bottom":"","ocean_shortcode_after_footer_bottom":"","ocean_display_top_bar":"default","ocean_display_header":"default","ocean_header_style":"","ocean_center_header_left_menu":"0","ocean_custom_header_template":"0","ocean_custom_logo":0,"ocean_custom_retina_logo":0,"ocean_custom_logo_max_width":0,"ocean_custom_logo_tablet_max_width":0,"ocean_custom_logo_mobile_max_width":0,"ocean_custom_logo_max_height":0,"ocean_custom_logo_tablet_max_height":0,"ocean_custom_logo_mobile_max_height":0,"ocean_header_custom_menu":"0","ocean_menu_typo_font_family":"0","ocean_menu_typo_font_subset":"","ocean_menu_typo_font_size":0,"ocean_menu_typo_font_size_tablet":0,"ocean_menu_typo_font_size_mobile":0,"ocean_menu_typo_font_size_unit":"px","ocean_menu_typo_font_weight":"","ocean_menu_typo_font_weight_tablet":"","ocean_menu_typo_font_weight_mobile":"","ocean_menu_typo_transform":"","ocean_menu_typo_transform_tablet":"","ocean_menu_typo_transform_mobile":"","ocean_menu_typo_line_height":0,"ocean_menu_typo_line_height_tablet":0,"ocean_menu_typo_line_height_mobile":0,"ocean_menu_typo_line_height_unit":"","ocean_menu_typo_spacing":0,"ocean_menu_typo_spacing_tablet":0,"ocean_menu_typo_spacing_mobile":0,"ocean_menu_typo_spacing_unit":"","ocean_menu_link_color":"","ocean_menu_link_color_hover":"","ocean_menu_link_color_active":"","ocean_menu_link_background":"","ocean_menu_link_hover_background":"","ocean_menu_link_active_background":"","ocean_menu_social_links_bg":"","ocean_menu_social_hover_links_bg":"","ocean_menu_social_links_color":"","ocean_menu_social_hover_links_color":"","ocean_disable_title":"default","ocean_disable_heading":"default","ocean_post_title":"","ocean_post_subheading":"","ocean_post_title_style":"","ocean_post_title_background_color":"","ocean_post_title_background":0,"ocean_post_title_bg_image_position":"","ocean_post_title_bg_image_attachment":"","ocean_post_title_bg_image_repeat":"","ocean_post_title_bg_image_size":"","ocean_post_title_height":0,"ocean_post_title_bg_overlay":0.5,"ocean_post_title_bg_overlay_color":"","ocean_disable_breadcrumbs":"default","ocean_breadcrumbs_color":"","ocean_breadcrumbs_separator_color":"","ocean_breadcrumbs_links_color":"","ocean_breadcrumbs_links_hover_color":"","ocean_display_footer_widgets":"default","ocean_display_footer_bottom":"default","ocean_custom_footer_template":"0","footnotes":""},"class_list":["post-215","page","type-page","status-publish","hentry","entry","owp-thumbs-layout-horizontal","owp-btn-normal","owp-tabs-layout-horizontal","has-no-thumbnails","has-product-nav"],"yoast_head":"<!-- This site is optimized with the Yoast SEO plugin v23.1 - https:\/\/yoast.com\/wordpress\/plugins\/seo\/ -->\n<title>L&#039;entreprise Socabel - Socabel conceptions \u00e9lectriques sur mesure<\/title>\n<meta name=\"robots\" content=\"index, follow, max-snippet:-1, max-image-preview:large, max-video-preview:-1\" \/>\n<link rel=\"canonical\" href=\"https:\/\/www.socabel.fr\/index.php\/lentreprise-socabel\/\" \/>\n<meta property=\"og:locale\" content=\"fr_FR\" \/>\n<meta property=\"og:type\" content=\"article\" \/>\n<meta property=\"og:title\" content=\"L&#039;entreprise Socabel - Socabel conceptions \u00e9lectriques sur mesure\" \/>\n<meta property=\"og:description\" content=\"Sp\u00e9cialiste de la r\u00e9alisation sur mesure des bornes, coffrets et tableaux \u00e9lectriques Domaines d\u2019activit\u00e9s\u2013 ProfessionnelsR\u00e9alisation de pieuvre pr\u00eate \u00e0 poserCablage d\u2019armoire industrielleR\u00e9alisation de cordon \/ tiroir suivant sp\u00e9cificationHostellerie de plein air\u2013 ParticuliersMaison individuelle neuveMaison individuelle r\u00e9novation\u00c9quipement nautique Nous contacter : philippepaumier.socabel@gmail.com Tel : 09-64-42-80-26\u00a0 \u00a0 Port : 06-67-32-07-40\" \/>\n<meta property=\"og:url\" content=\"https:\/\/www.socabel.fr\/index.php\/lentreprise-socabel\/\" \/>\n<meta property=\"og:site_name\" content=\"Socabel conceptions \u00e9lectriques sur mesure\" \/>\n<meta property=\"article:modified_time\" content=\"2022-01-17T11:06:35+00:00\" \/>\n<meta property=\"og:image\" content=\"https:\/\/www.socabel.fr\/wp-content\/uploads\/2020\/02\/Atelier-5-1024x768.jpg\" \/>\n<meta name=\"twitter:card\" content=\"summary_large_image\" \/>\n<meta name=\"twitter:label1\" content=\"Dur\u00e9e de lecture estim\u00e9e\" \/>\n\t<meta name=\"twitter:data1\" content=\"1 minute\" \/>\n<script type=\"application\/ld+json\" class=\"yoast-schema-graph\">{\"@context\":\"https:\/\/schema.org\",\"@graph\":[{\"@type\":\"WebPage\",\"@id\":\"https:\/\/www.socabel.fr\/index.php\/lentreprise-socabel\/\",\"url\":\"https:\/\/www.socabel.fr\/index.php\/lentreprise-socabel\/\",\"name\":\"L'entreprise Socabel - Socabel conceptions \u00e9lectriques sur mesure\",\"isPartOf\":{\"@id\":\"https:\/\/www.socabel.fr\/#website\"},\"primaryImageOfPage\":{\"@id\":\"https:\/\/www.socabel.fr\/index.php\/lentreprise-socabel\/#primaryimage\"},\"image\":{\"@id\":\"https:\/\/www.socabel.fr\/index.php\/lentreprise-socabel\/#primaryimage\"},\"thumbnailUrl\":\"https:\/\/www.socabel.fr\/wp-content\/uploads\/2020\/02\/Atelier-5-1024x768.jpg\",\"datePublished\":\"2019-11-22T10:20:22+00:00\",\"dateModified\":\"2022-01-17T11:06:35+00:00\",\"breadcrumb\":{\"@id\":\"https:\/\/www.socabel.fr\/index.php\/lentreprise-socabel\/#breadcrumb\"},\"inLanguage\":\"fr-FR\",\"potentialAction\":[{\"@type\":\"ReadAction\",\"target\":[\"https:\/\/www.socabel.fr\/index.php\/lentreprise-socabel\/\"]}]},{\"@type\":\"ImageObject\",\"inLanguage\":\"fr-FR\",\"@id\":\"https:\/\/www.socabel.fr\/index.php\/lentreprise-socabel\/#primaryimage\",\"url\":\"https:\/\/www.socabel.fr\/wp-content\/uploads\/2020\/02\/Atelier-5-1024x768.jpg\",\"contentUrl\":\"https:\/\/www.socabel.fr\/wp-content\/uploads\/2020\/02\/Atelier-5-1024x768.jpg\"},{\"@type\":\"BreadcrumbList\",\"@id\":\"https:\/\/www.socabel.fr\/index.php\/lentreprise-socabel\/#breadcrumb\",\"itemListElement\":[{\"@type\":\"ListItem\",\"position\":1,\"name\":\"Accueil\",\"item\":\"https:\/\/www.socabel.fr\/\"},{\"@type\":\"ListItem\",\"position\":2,\"name\":\"L&rsquo;entreprise Socabel\"}]},{\"@type\":\"WebSite\",\"@id\":\"https:\/\/www.socabel.fr\/#website\",\"url\":\"https:\/\/www.socabel.fr\/\",\"name\":\"Socabel conceptions \u00e9lectriques sur mesure\",\"description\":\"Notre savoir faire Fran\u00e7ais mis \u00e0 la disposition de nos clients qui peuvent personnaliser leurs demandes, sans impact sur les co\u00fbt et dans le respect absolu des d\u00e9lais de livraison annonc\u00e9.\",\"publisher\":{\"@id\":\"https:\/\/www.socabel.fr\/#organization\"},\"potentialAction\":[{\"@type\":\"SearchAction\",\"target\":{\"@type\":\"EntryPoint\",\"urlTemplate\":\"https:\/\/www.socabel.fr\/?s={search_term_string}\"},\"query-input\":\"required name=search_term_string\"}],\"inLanguage\":\"fr-FR\"},{\"@type\":\"Organization\",\"@id\":\"https:\/\/www.socabel.fr\/#organization\",\"name\":\"Socabel conceptions \u00e9lectriques sur mesure\",\"url\":\"https:\/\/www.socabel.fr\/\",\"logo\":{\"@type\":\"ImageObject\",\"inLanguage\":\"fr-FR\",\"@id\":\"https:\/\/www.socabel.fr\/#\/schema\/logo\/image\/\",\"url\":\"https:\/\/www.socabel.fr\/wp-content\/uploads\/2020\/02\/logo_200.png\",\"contentUrl\":\"https:\/\/www.socabel.fr\/wp-content\/uploads\/2020\/02\/logo_200.png\",\"width\":200,\"height\":50,\"caption\":\"Socabel conceptions \u00e9lectriques sur mesure\"},\"image\":{\"@id\":\"https:\/\/www.socabel.fr\/#\/schema\/logo\/image\/\"}}]}<\/script>\n<!-- \/ Yoast SEO plugin. -->","yoast_head_json":{"title":"L'entreprise Socabel - Socabel conceptions \u00e9lectriques sur mesure","robots":{"index":"index","follow":"follow","max-snippet":"max-snippet:-1","max-image-preview":"max-image-preview:large","max-video-preview":"max-video-preview:-1"},"canonical":"https:\/\/www.socabel.fr\/index.php\/lentreprise-socabel\/","og_locale":"fr_FR","og_type":"article","og_title":"L'entreprise Socabel - Socabel conceptions \u00e9lectriques sur mesure","og_description":"Sp\u00e9cialiste de la r\u00e9alisation sur mesure des bornes, coffrets et tableaux \u00e9lectriques Domaines d\u2019activit\u00e9s\u2013 ProfessionnelsR\u00e9alisation de pieuvre pr\u00eate \u00e0 poserCablage d\u2019armoire industrielleR\u00e9alisation de cordon \/ tiroir suivant sp\u00e9cificationHostellerie de plein air\u2013 ParticuliersMaison individuelle neuveMaison individuelle r\u00e9novation\u00c9quipement nautique Nous contacter : philippepaumier.socabel@gmail.com Tel : 09-64-42-80-26\u00a0 \u00a0 Port : 06-67-32-07-40","og_url":"https:\/\/www.socabel.fr\/index.php\/lentreprise-socabel\/","og_site_name":"Socabel conceptions \u00e9lectriques sur mesure","article_modified_time":"2022-01-17T11:06:35+00:00","og_image":[{"url":"https:\/\/www.socabel.fr\/wp-content\/uploads\/2020\/02\/Atelier-5-1024x768.jpg"}],"twitter_card":"summary_large_image","twitter_misc":{"Dur\u00e9e de lecture estim\u00e9e":"1 minute"},"schema":{"@context":"https:\/\/schema.org","@graph":[{"@type":"WebPage","@id":"https:\/\/www.socabel.fr\/index.php\/lentreprise-socabel\/","url":"https:\/\/www.socabel.fr\/index.php\/lentreprise-socabel\/","name":"L'entreprise Socabel - Socabel conceptions \u00e9lectriques sur mesure","isPartOf":{"@id":"https:\/\/www.socabel.fr\/#website"},"primaryImageOfPage":{"@id":"https:\/\/www.socabel.fr\/index.php\/lentreprise-socabel\/#primaryimage"},"image":{"@id":"https:\/\/www.socabel.fr\/index.php\/lentreprise-socabel\/#primaryimage"},"thumbnailUrl":"https:\/\/www.socabel.fr\/wp-content\/uploads\/2020\/02\/Atelier-5-1024x768.jpg","datePublished":"2019-11-22T10:20:22+00:00","dateModified":"2022-01-17T11:06:35+00:00","breadcrumb":{"@id":"https:\/\/www.socabel.fr\/index.php\/lentreprise-socabel\/#breadcrumb"},"inLanguage":"fr-FR","potentialAction":[{"@type":"ReadAction","target":["https:\/\/www.socabel.fr\/index.php\/lentreprise-socabel\/"]}]},{"@type":"ImageObject","inLanguage":"fr-FR","@id":"https:\/\/www.socabel.fr\/index.php\/lentreprise-socabel\/#primaryimage","url":"https:\/\/www.socabel.fr\/wp-content\/uploads\/2020\/02\/Atelier-5-1024x768.jpg","contentUrl":"https:\/\/www.socabel.fr\/wp-content\/uploads\/2020\/02\/Atelier-5-1024x768.jpg"},{"@type":"BreadcrumbList","@id":"https:\/\/www.socabel.fr\/index.php\/lentreprise-socabel\/#breadcrumb","itemListElement":[{"@type":"ListItem","position":1,"name":"Accueil","item":"https:\/\/www.socabel.fr\/"},{"@type":"ListItem","position":2,"name":"L&rsquo;entreprise Socabel"}]},{"@type":"WebSite","@id":"https:\/\/www.socabel.fr\/#website","url":"https:\/\/www.socabel.fr\/","name":"Socabel conceptions \u00e9lectriques sur mesure","description":"Notre savoir faire Fran\u00e7ais mis \u00e0 la disposition de nos clients qui peuvent personnaliser leurs demandes, sans impact sur les co\u00fbt et dans le respect absolu des d\u00e9lais de livraison annonc\u00e9.","publisher":{"@id":"https:\/\/www.socabel.fr\/#organization"},"potentialAction":[{"@type":"SearchAction","target":{"@type":"EntryPoint","urlTemplate":"https:\/\/www.socabel.fr\/?s={search_term_string}"},"query-input":"required name=search_term_string"}],"inLanguage":"fr-FR"},{"@type":"Organization","@id":"https:\/\/www.socabel.fr\/#organization","name":"Socabel conceptions \u00e9lectriques sur mesure","url":"https:\/\/www.socabel.fr\/","logo":{"@type":"ImageObject","inLanguage":"fr-FR","@id":"https:\/\/www.socabel.fr\/#\/schema\/logo\/image\/","url":"https:\/\/www.socabel.fr\/wp-content\/uploads\/2020\/02\/logo_200.png","contentUrl":"https:\/\/www.socabel.fr\/wp-content\/uploads\/2020\/02\/logo_200.png","width":200,"height":50,"caption":"Socabel conceptions \u00e9lectriques sur mesure"},"image":{"@id":"https:\/\/www.socabel.fr\/#\/schema\/logo\/image\/"}}]}},"_links":{"self":[{"href":"https:\/\/www.socabel.fr\/index.php\/wp-json\/wp\/v2\/pages\/215","targetHints":{"allow":["GET"]}}],"collection":[{"href":"https:\/\/www.socabel.fr\/index.php\/wp-json\/wp\/v2\/pages"}],"about":[{"href":"https:\/\/www.socabel.fr\/index.php\/wp-json\/wp\/v2\/types\/page"}],"author":[{"embeddable":true,"href":"https:\/\/www.socabel.fr\/index.php\/wp-json\/wp\/v2\/users\/1"}],"replies":[{"embeddable":true,"href":"https:\/\/www.socabel.fr\/index.php\/wp-json\/wp\/v2\/comments?post=215"}],"version-history":[{"count":8,"href":"https:\/\/www.socabel.fr\/index.php\/wp-json\/wp\/v2\/pages\/215\/revisions"}],"predecessor-version":[{"id":839,"href":"https:\/\/www.socabel.fr\/index.php\/wp-json\/wp\/v2\/pages\/215\/revisions\/839"}],"wp:attachment":[{"href":"https:\/\/www.socabel.fr\/index.php\/wp-json\/wp\/v2\/media?parent=215"}],"curies":[{"name":"wp","href":"https:\/\/api.w.org\/{rel}","templated":true}]}}